{"id":1867,"date":"2022-12-01T11:24:01","date_gmt":"2022-12-01T09:24:01","guid":{"rendered":"https:\/\/tahtikuski.com\/itakeskus\/?page_id=1867"},"modified":"2022-12-01T11:45:31","modified_gmt":"2022-12-01T09:45:31","slug":"toimitusehdot-rekisterit-evasteet","status":"publish","type":"page","link":"https:\/\/tahtikuski.fi\/itakeskus\/?page_id=1867","title":{"rendered":"toimitusehdot rekisterit ev\u00e4steet"},"content":{"rendered":"<p>Autokoulu Start Oy verkkokauppa<\/p>\n<p><strong>Toimitusehdot:\u00a0<\/strong>N\u00e4m\u00e4 toimitusehdot ovat voimassa 11.11.2022 alkaen.<\/p>\n<p><strong>Yleist\u00e4 verkkokaupasta:<\/strong>\u00a0Verkkokaupan tuotteita myy Autokoulu Start Oy, y-tunnus 2413898-7.<\/p>\n<p>Myymme tuotteita t\u00e4ysi-ik\u00e4isille yksityishenkil\u00f6ille ja yrityksille Suomeen ja EU-alueelle. Tuotteiden hinnoissa on mukana arvonlis\u00e4vero. Hintoihin lis\u00e4t\u00e4\u00e4n postikulut. Pid\u00e4t\u00e4mme oikeuden hintojen ja postikulujen muutoksiin.<\/p>\n<p><strong>Tilaaminen:\u00a0<\/strong>Tuotteet tilataan internetin v\u00e4lityksell\u00e4, osoitteen\u00a0https:\/\/www.tahtikuski.fi\u00a0ostoskorin kautta. Asiakas sitoutuu jokaisen tilauksen yhteydess\u00e4 voimassa oleviin toimitusehtoihin.<\/p>\n<p><strong>\u00a0<\/strong><\/p>\n<p><strong>Tilausvahvistus:<\/strong>\u00a0L\u00e4het\u00e4mme s\u00e4hk\u00f6postitse tilausvahvistuksen. Sivuillamme olevan k\u00e4ytt\u00e4j\u00e4tilin kautta voit tarkastaa tilauksen sis\u00e4ll\u00f6n.<\/p>\n<p><strong>\u00a0<\/strong><\/p>\n<p><strong>Maksaminen:\u00a0<\/strong>Verkkokaupan maksuv\u00e4litt\u00e4j\u00e4n\u00e4 toimii Visma Pay (Visma Payments Oy, y-tunnus 2486559-4), joka on rekister\u00f6ity Finanssivalvonnan yll\u00e4pit\u00e4m\u00e4\u00e4n maksulaitosrekisteriin. Maksamiseen siirryt\u00e4\u00e4n Visma Payn verkkopalvelun kautta ja tiliotteella ja laskulla maksun saajana n\u00e4kyy Visma Pay tai Visma Payments Oy. Visma Pay v\u00e4litt\u00e4\u00e4 maksut verkkokauppiaalle. Maksaminen on turvallista, sill\u00e4 kaikki maksutapahtumaa koskevat tiedot v\u00e4litet\u00e4\u00e4n salattua yhteytt\u00e4 k\u00e4ytt\u00e4en niin ettei kukaan ulkopuolinen taho n\u00e4e maksutapahtuman tietoja.<\/p>\n<p>Kauppa syntyy verkkokaupan asiakkaan ja verkkokaupan v\u00e4lille. Verkkokaupan vastuulla ovat kaikki kauppaan liittyv\u00e4t velvoitteet.<\/p>\n<p>Lue lis\u00e4\u00e4 Visma Paysta: https:\/\/www.visma.fi\/vismapay\/<\/p>\n<p><strong>Maksutavat:<\/strong>\u00a0Tuotteet ja niiden postikulut maksetaan tilauksen yhteydess\u00e4. Verkkokaupassa voidaan maksaa seuraavilla maksutavoilla:<\/p>\n<p>Visma Pay -palvelun kautta voit maksaa verkkopankkitunnuksilla, lompakolla, maksukorteilla (credit\/debit), laskulla tai osamaksulla. K\u00e4ytett\u00e4viss\u00e4 ovat seuraavat maksutavat: Osuuspankki, Nordea, Danske Bank, Oma S\u00e4\u00e4st\u00f6pankki, S\u00e4\u00e4st\u00f6pankki, Aktia, Paikallisosuuspankit, S-Pankki, Handelsbanken, \u00c5landsbanken, MobilePay, Masterpass, Pivo, Visa-, Visa Debit-, Visa Electron-, MasterCard- ja Debit MasterCard -kortit, sek\u00e4 Jousto, Fellow Lasku ja Fellow Yrityslasku.<\/p>\n<p>MobilePay: Voit maksaa MobilePay-lompakollasi mik\u00e4li olet sallinut verkkokaupoissa maksamisen sovelluksen asetuksista. MobilePay-lompakolla suoritetut maksut veloitetaan lompakkoon liitetylt\u00e4 maksukortilta. Mik\u00e4li maksun veloittaminen maksukortilta ep\u00e4onnistuu, MobilePay-lompakolla maksaminen ei ole mahdollista verkkokaupassa.<\/p>\n<p>Pivo: K\u00e4ytt\u00f6ehdot ovat tarjolla Pivon sivuilla: https:\/\/pivo.fi\/kayttoehdot\/pivon-kayttoehdot\/<\/p>\n<p>Jousto lasku ja osamaksu on kotimainen palvelu, jolla teet ostoksesi nopeasti ja turvallisesti. Jousto on tarkoitettu yksityishenkil\u00f6ille, jotka ovat hoitaneet raha-asiansa moitteettomasti. Joustolla saat 30 vuorokautta korotonta ja kulutonta maksuaikaa. Laskun saatuasi voit p\u00e4\u00e4tt\u00e4\u00e4 maksatko sen kokonaan vai osissa. Osamaksulla voit maksaa ostoksesi jopa 36:ssa er\u00e4ss\u00e4, alkaen 9,90 eur\/kk. Jousto osamaksun kustannukset ovat 3,90 eur\/kk ja 19,90%:n luottokorko. Voit maksaa Joustolla 30\u20133000 euron ostoksia. Luotonmy\u00f6nt\u00e4j\u00e4n\u00e4 toimii Aurajoki Nordic Oy. Lue lis\u00e4\u00e4 Joustosta osoitteessa www.jousto.com.<\/p>\n<p>OP Lasku \u2013 Joustava tapa maksaa verkko-ostokset. Kaikkien pankkien asiakkaille. OP Laskulla voit tehd\u00e4 enint\u00e4\u00e4n 5 000 euron suuruisia ostoksia ja maksaa ne korottomasti pois 45 vuorokauden sis\u00e4ll\u00e4. Halutessasi voit pilkkoa laskun useampaan maksuer\u00e4\u00e4n. Ostoksesi n\u00e4kyv\u00e4t yhdess\u00e4 paikassa, joten pysyt helposti perill\u00e4 rahan k\u00e4yt\u00f6st\u00e4. Luottorajan avulla pid\u00e4t kulutuksen haluamissasi rajoissa. Saat laskut k\u00e4tev\u00e4sti s\u00e4hk\u00f6postiisi. Verkkopalvelussamme n\u00e4et tietoja OP Laskun k\u00e4yt\u00f6st\u00e4si ja tekemiesi ostosten summan. Voit k\u00e4ytt\u00e4\u00e4 OP Laskua, jos olet maksukykyinen yli 20-vuotias, ja sinulla on suomalaisen pankin verkkotunnukset. Lis\u00e4tietoja OP Laskuun liittyen l\u00f6yd\u00e4t osoitteesta: https:\/\/www.op.fi\/henkiloasiakkaat\/paivittaiset\/maksaminen\/op-lasku<\/p>\n<p>&nbsp;<\/p>\n<p><img loading=\"lazy\" decoding=\"async\" class=\"alignnone size-large wp-image-1870\" src=\"https:\/\/tahtikuski.com\/itakeskus\/wp-content\/uploads\/2022\/12\/row-1-1024x51.png\" alt=\"\" width=\"870\" height=\"43\" srcset=\"https:\/\/tahtikuski.fi\/itakeskus\/wp-content\/uploads\/2022\/12\/row-1-1024x51.png 1024w, https:\/\/tahtikuski.fi\/itakeskus\/wp-content\/uploads\/2022\/12\/row-1-300x15.png 300w, https:\/\/tahtikuski.fi\/itakeskus\/wp-content\/uploads\/2022\/12\/row-1-768x38.png 768w, https:\/\/tahtikuski.fi\/itakeskus\/wp-content\/uploads\/2022\/12\/row-1-24x1.png 24w, https:\/\/tahtikuski.fi\/itakeskus\/wp-content\/uploads\/2022\/12\/row-1-36x2.png 36w, https:\/\/tahtikuski.fi\/itakeskus\/wp-content\/uploads\/2022\/12\/row-1-48x2.png 48w, https:\/\/tahtikuski.fi\/itakeskus\/wp-content\/uploads\/2022\/12\/row-1-550x27.png 550w, https:\/\/tahtikuski.fi\/itakeskus\/wp-content\/uploads\/2022\/12\/row-1.png 1322w\" sizes=\"auto, (max-width: 870px) 100vw, 870px\" \/><\/p>\n<p>&nbsp;<\/p>\n<p><strong>Visma Pay -maksupalvelun yhteystiedot:<\/strong><\/p>\n<p>Visma Payments Oy (Y-tunnus 2486559-4)<br \/>\nS\u00e4hk\u00f6posti: helpdesk@vismapay.com<br \/>\nPuhelin: 09 315 42 037 (arkisin klo 8-16)<br \/>\nPostiosoite: Brahenkatu 4, 53100 Lappeenranta<\/p>\n<p><strong>Toimitusaika:\u00a0<\/strong>Postitamme tarviketuotteita jokaisena arkip\u00e4iv\u00e4n\u00e4. Pankkiyhteyksist\u00e4 riippuen siihen kuluu 1-5 arkip\u00e4iv\u00e4\u00e4 laskun maksamisesta. Koulutustuotteista ja muista ei postitettavista tuotteista, saat voucherin, jonka esitt\u00e4m\u00e4ll\u00e4 Autokoulu Startissa, saat sovittua siihen liittyv\u00e4n koulutuksen yms.<\/p>\n<p><strong>\u00a0<\/strong><\/p>\n<p><strong>Toimitustapa ja toimituskulut:\u00a0<\/strong>Toimituskulut sis\u00e4lt\u00e4v\u00e4t posti- ja pakkauskulut. Voit katsoa toimituskulut valittuasi ostoskorin maksu- ja toimitustavan. Toimitamme tilaukset pakettina ja maksikirjeen\u00e4. Lis\u00e4tietoja Postin pakettivaihtoehdoista maksuista ja kuljetustavoista saat osoitteesta http:\/\/www.posti.fi\/<\/p>\n<p><strong>\u00a0<\/strong><\/p>\n<p><strong>Vaihto- ja palautusehdot:<\/strong>\u00a0Asiakkaalla on Suomen kuluttajansuojalain mukainen 14 p\u00e4iv\u00e4n vaihto- ja palautusoikeus. Palautusoikeus koskee vain alkuper\u00e4ispakkauksessa olevia k\u00e4ytt\u00e4m\u00e4tt\u00f6mi\u00e4 ja myyntikelpoisia tuotteita. Liit\u00e4 palautuksen mukaan seuraavat tiedot: \u2013 Asiakasnumerosi, nimesi, osoitteesi ja puhelinnumerosi \u2013 Pankkitilinumerosi \u2013 tilausvahvistuksen p\u00e4iv\u00e4m\u00e4\u00e4r\u00e4 Palautusosoite tarviketuotteille: Autokoulu Start Oy, Vanhanlinnantie 3 LT 105, 00900 HELSINKI. Emme vastaanota palautuksia yli 14 vrk kuluttua toimituksesta. Kun palautus on hyv\u00e4ksytty, rahat palautetaan suoraan tilillesi palautuksen vastaanoton ja k\u00e4sittelyn j\u00e4lkeen.<\/p>\n<p><strong>\u00a0<\/strong><\/p>\n<p><strong>Ongelmatilanteet kuljetuksessa sek\u00e4 viallisten tuotteiden osalta:<\/strong>\u00a0Mik\u00e4li tuote on kadonnut kuljetuksen aikana, vioittunut tai asiakkaalle on toimitettu v\u00e4\u00e4r\u00e4 tuote, tulee asiakkaan ilmoittaa virheest\u00e4 v\u00e4litt\u00f6m\u00e4sti osoitteeseen info@autokoulustart.fi. Ilmoitus virheellisest\u00e4 toimituksesta tai viallisesta tuotteesta on teht\u00e4v\u00e4 14 p\u00e4iv\u00e4n sis\u00e4ll\u00e4 tuotteen vastaanottamisesta. Jos paketti on vioittunut postissa, on tuotteesta teht\u00e4v\u00e4 v\u00e4litt\u00f6m\u00e4sti reklamaatio postiin.<\/p>\n<p>Muuta: Pid\u00e4t\u00e4mme oikeuden muuttaa toimitusehtojamme. Asiakkaan on ennen tilaustaan tutustuttava kulloinkin voimassa oleviin toimitusehtoihin. K\u00e4sittelemme kaikki asiakastiedot t\u00e4ysin luottamuksellisesti sek\u00e4 sitoutuu olemaan luovuttamatta asiakastietoja kolmannelle osapuolelle. Vantaa 11.11.2011, Autokoulu Start Oy<\/p>\n<p><strong>Rekisteri- ja tietosuojaseloste<\/strong><br \/>\n<strong>Henkil\u00f6tietolain (523\/1999) 10\u00a7:n mukainen rekisteriseloste.<\/strong><\/p>\n<ol>\n<li>Rekisterinpit\u00e4j\u00e4<br \/>\nAutokoulu Start Oy, osoite Vanhanlinnantie 3, 00900 Helsinki<br \/>\nPuh: 050 436 9225 email: info@autokoulustart.fi<br \/>\nY-tunnus:2413898-7<\/li>\n<li>Vastaavan yhteystiedot<br \/>\nKai Niukkanen, 050\u202f524 9248, kai.niukkanen@autokoulustart.fi<\/li>\n<li>Rekisterin nimi<br \/>\nVerkkokaupparekisteri (Autokoulu Autokoulu Start verkkokauppa)<\/li>\n<li>Henkil\u00f6tietojen k\u00e4sittelyn tarkoitus<br \/>\nTietoja k\u00e4ytet\u00e4\u00e4n asiakas- ja palvelusuhteissa.<\/li>\n<li>Rekisterin tietosis\u00e4lt\u00f6<br \/>\nNimi, osoite, syntym\u00e4aika, puhelin ja s\u00e4hk\u00f6posti sek\u00e4 tiedot asiakkaan tilaamista palveluista, niiden toimittamisesta ja laskuttamisesta<\/li>\n<li>S\u00e4\u00e4nn\u00f6nmukaiset tietol\u00e4hteet<br \/>\nTiedot saadaan asiakkaalta itselt\u00e4\u00e4n tai h\u00e4nen edustajaltaan.<\/li>\n<li>Tietojen s\u00e4\u00e4nn\u00f6nmukaiset luovutukset<br \/>\nHenkil\u00f6tietoja ei luovuteta eteenp\u00e4in muuta kuin viranomaisk\u00e4ytt\u00f6\u00f6n.<\/li>\n<li>Tietojen siirto EU:n tai ETA:n ulkopuolelle<br \/>\nHenkil\u00f6tietoja ei luovuteta eteenp\u00e4in.<\/li>\n<li>Rekisterin suojauksen periaatteet<br \/>\nS\u00e4hk\u00f6iset tiedot on suojattu palomuurilla, k\u00e4ytt\u00e4j\u00e4tunnuksin ja salasanoin. Tietojen k\u00e4ytt\u00f6oikeus on vain niill\u00e4 rekisterinpit\u00e4j\u00e4n palveluksessa olevilla henkil\u00f6ill\u00e4, jotka tarvitsevat tietoja teht\u00e4viss\u00e4\u00e4n.<\/li>\n<\/ol>\n<p><strong>\u00a0<\/strong><\/p>\n<p><strong>Ev\u00e4steet \u2013 T\u00e4m\u00e4 sivusto k\u00e4ytt\u00e4\u00e4 ev\u00e4steit\u00e4<\/strong><br \/>\nSivuston k\u00e4ytt\u00f6\u00e4 seurataan, jotta palvelua voidaan parantaa. Seurannassa k\u00e4ytet\u00e4\u00e4n ev\u00e4steit\u00e4 (cookies). Ev\u00e4steiden k\u00e4ytt\u00f6 ei tallenna mit\u00e4\u00e4n tietoa, jonka perusteella k\u00e4ytt\u00e4j\u00e4t voitaisiin yksil\u00f6id\u00e4 tai tunnistaa. Ev\u00e4ste ei vaikuta tietoturvaan, eik\u00e4 se voi levitt\u00e4\u00e4 viruksia tai haittaohjelmia. Vierailemalla sivustolla hyv\u00e4ksyt ev\u00e4steiden k\u00e4yt\u00f6n. Verkkokauppa tarvitsee toimiakseen kunnolla ev\u00e4steit\u00e4. Voit v\u00e4ltt\u00e4\u00e4 ev\u00e4steet muokkaamalla selainohjelmasi asetuksia ja kielt\u00e4m\u00e4ll\u00e4 niiden k\u00e4yt\u00f6n. Lis\u00e4tietoja ev\u00e4steist\u00e4 Viestint\u00e4viraston verkkosivuilta\u00a0<a href=\"https:\/\/www.viestintavirasto.fi\/\">https:\/\/www.viestintavirasto.fi<\/a>.<\/p>\n<p><strong>\u00a0<\/strong><\/p>\n<p><strong>Tekij\u00e4noikeudet<\/strong><br \/>\nOikeudet sivustossa julkaistavaan aineistoon ovat tekij\u00e4noikeuslain ja siihen my\u00f6hemmin tehtyjen muutosten mukaisesti Yrityksell\u00e4 Autokoulu Start Oy. Kaikki oikeudet pid\u00e4tet\u00e4\u00e4n. Autokoulu Start Oy ei vastaa sivuston sis\u00e4ll\u00f6n mahdollisten virheiden aiheuttamista vahingoista. Autokoulu Start Oy ei my\u00f6sk\u00e4\u00e4n ole vastuussa sellaisesta haitasta, joka johtuu teknisist\u00e4 h\u00e4iri\u00f6ist\u00e4 tai sivustoon linkitetyst\u00e4 materiaalista, joka on ulkopuolisten osapuolten julkaisemaa.<\/p>\n<p>&nbsp;<\/p>\n","protected":false},"excerpt":{"rendered":"<p>Autokoulu Start Oy verkkokauppa Toimitusehdot:\u00a0N\u00e4m\u00e4 toimitusehdot ovat voimassa 11.11.2022 alkaen. Yleist\u00e4 verkkokaupasta:\u00a0Verkkokaupan tuotteita myy Autokoulu Start Oy, y-tunnus 2413898-7. Myymme tuotteita t\u00e4ysi-ik\u00e4isille yksityishenkil\u00f6ille ja yrityksille Suomeen ja EU-alueelle. Tuotteiden hinnoissa on mukana arvonlis\u00e4vero. Hintoihin lis\u00e4t\u00e4\u00e4n postikulut. Pid\u00e4t\u00e4mme oikeuden hintojen ja postikulujen muutoksiin. Tilaaminen:\u00a0Tuotteet tilataan internetin v\u00e4lityksell\u00e4, osoitteen\u00a0https:\/\/www.tahtikuski.fi\u00a0ostoskorin kautta. Asiakas sitoutuu jokaisen tilauksen yhteydess\u00e4 voimassa oleviin [&hellip;]<\/p>\n","protected":false},"author":1,"featured_media":0,"parent":0,"menu_order":0,"comment_status":"closed","ping_status":"closed","template":"","meta":{"footnotes":""},"class_list":["post-1867","page","type-page","status-publish","hentry"],"_links":{"self":[{"href":"https:\/\/tahtikuski.fi\/itakeskus\/index.php?rest_route=\/wp\/v2\/pages\/1867","targetHints":{"allow":["GET"]}}],"collection":[{"href":"https:\/\/tahtikuski.fi\/itakeskus\/index.php?rest_route=\/wp\/v2\/pages"}],"about":[{"href":"https:\/\/tahtikuski.fi\/itakeskus\/index.php?rest_route=\/wp\/v2\/types\/page"}],"author":[{"embeddable":true,"href":"https:\/\/tahtikuski.fi\/itakeskus\/index.php?rest_route=\/wp\/v2\/users\/1"}],"replies":[{"embeddable":true,"href":"https:\/\/tahtikuski.fi\/itakeskus\/index.php?rest_route=%2Fwp%2Fv2%2Fcomments&post=1867"}],"version-history":[{"count":2,"href":"https:\/\/tahtikuski.fi\/itakeskus\/index.php?rest_route=\/wp\/v2\/pages\/1867\/revisions"}],"predecessor-version":[{"id":1871,"href":"https:\/\/tahtikuski.fi\/itakeskus\/index.php?rest_route=\/wp\/v2\/pages\/1867\/revisions\/1871"}],"wp:attachment":[{"href":"https:\/\/tahtikuski.fi\/itakeskus\/index.php?rest_route=%2Fwp%2Fv2%2Fmedia&parent=1867"}],"curies":[{"name":"wp","href":"https:\/\/api.w.org\/{rel}","templated":true}]}}