{"id":1454,"date":"2018-07-04T10:17:51","date_gmt":"2018-07-04T07:17:51","guid":{"rendered":"http:\/\/www.tahtikuski.fi\/kauppa\/?post_type=product&#038;p=1454"},"modified":"2026-01-28T12:43:33","modified_gmt":"2026-01-28T10:43:33","slug":"rtk-riskientunnistamiskoulutus","status":"publish","type":"product","link":"https:\/\/tahtikuski.fi\/itakeskus\/?product=rtk-riskientunnistamiskoulutus","title":{"rendered":"Riskientunnistamiskoulutus autolla liukkaan kelin radalla"},"content":{"rendered":"","protected":false},"excerpt":{"rendered":"<p>B-korttia suorittavien tulee osallistua riskientunnistamiskoulutukseen ennen ajokoetta.<\/p>\n<p>Riskientunnistamiskoulutus sis\u00e4lt\u00e4\u00e4:<\/p>\n<ul>\n<li>4h teoria-opetusta<\/li>\n<li>4h ajo-opetusta (taajama- ja maantieajoa, liukkaankelin ajoharjoittelu radalla sek\u00e4 pime\u00e4najo simulaattorilla).<\/li>\n<\/ul>\n<p>Ajoharjoitteluradalla tapahtuvan ajo-opetuksen keskeisi\u00e4 asioita ovat nopeuden vaikutus pys\u00e4hdysmatkaan, jarrutus- ja ohjaamistekniikka sek\u00e4 auton hallinta.<\/p>\n<p>Kurssin hinta ei sis\u00e4ll\u00e4 ratamaksua 90,00.<\/p>\n","protected":false},"featured_media":1471,"template":"","meta":[],"product_brand":[],"product_cat":[21,31],"product_tag":[],"class_list":{"0":"post-1454","1":"product","2":"type-product","3":"status-publish","4":"has-post-thumbnail","6":"product_cat-opetuslupa","7":"product_cat-riskienhallinta","9":"first","10":"instock","11":"taxable","12":"shipping-taxable","13":"purchasable","14":"product-type-simple"},"_links":{"self":[{"href":"https:\/\/tahtikuski.fi\/itakeskus\/index.php?rest_route=\/wp\/v2\/product\/1454","targetHints":{"allow":["GET"]}}],"collection":[{"href":"https:\/\/tahtikuski.fi\/itakeskus\/index.php?rest_route=\/wp\/v2\/product"}],"about":[{"href":"https:\/\/tahtikuski.fi\/itakeskus\/index.php?rest_route=\/wp\/v2\/types\/product"}],"wp:featuredmedia":[{"embeddable":true,"href":"https:\/\/tahtikuski.fi\/itakeskus\/index.php?rest_route=\/wp\/v2\/media\/1471"}],"wp:attachment":[{"href":"https:\/\/tahtikuski.fi\/itakeskus\/index.php?rest_route=%2Fwp%2Fv2%2Fmedia&parent=1454"}],"wp:term":[{"taxonomy":"product_brand","embeddable":true,"href":"https:\/\/tahtikuski.fi\/itakeskus\/index.php?rest_route=%2Fwp%2Fv2%2Fproduct_brand&post=1454"},{"taxonomy":"product_cat","embeddable":true,"href":"https:\/\/tahtikuski.fi\/itakeskus\/index.php?rest_route=%2Fwp%2Fv2%2Fproduct_cat&post=1454"},{"taxonomy":"product_tag","embeddable":true,"href":"https:\/\/tahtikuski.fi\/itakeskus\/index.php?rest_route=%2Fwp%2Fv2%2Fproduct_tag&post=1454"}],"curies":[{"name":"wp","href":"https:\/\/api.w.org\/{rel}","templated":true}]}}