{"id":823,"date":"2017-12-15T10:11:26","date_gmt":"2017-12-15T08:11:26","guid":{"rendered":"http:\/\/www.tahtikuski.fi\/kauppa\/?post_type=product&#038;p=823"},"modified":"2018-09-18T12:11:14","modified_gmt":"2018-09-18T09:11:14","slug":"am121-mopoauto","status":"publish","type":"product","link":"https:\/\/tahtikuski.fi\/itakeskus\/?product=am121-mopoauto","title":{"rendered":"AM121 Mopoautokurssi"},"content":{"rendered":"","protected":false},"excerpt":{"rendered":"<p>Ik\u00e4vaatimus 15 vuotta. Aloitus aikaisintaan 6kk ennen vaadittua ik\u00e4\u00e4. Teoriatutkintoon voi osallistua kuukautta ennen, mutta ajo-opetus voi alkaa vasta ik\u00e4vaatimuksen t\u00e4yttyess\u00e4. Kuljettajatutkinnossa teoriakoe ja ajokoe.<\/p>\n<p>Mik\u00e4li oppilaalla ei ole aiempaa ajokokemusta, on kahden tunnin ajom\u00e4\u00e4r\u00e4 yksinkertaisesti niin v\u00e4h\u00e4n, ett\u00e4 se ei useinkaan riit\u00e4 kaikkien tarvittavien taitojen oppimiseksi. Lis\u00e4opetusta tarvitaan suurimmalle osalle oppilaista ajokokeessa vaadittavan ajotaidon saavuttamiseksi.<\/p>\n<p>&nbsp;<\/p>\n<p>Kurssi sis\u00e4lt\u00e4\u00e4:<\/p>\n<ul>\n<li>toimistopalvelut<\/li>\n<li>Ensimm\u00e4isen ajokortin suorittajan teoriat<\/li>\n<li>2h ajotuntia<\/li>\n<li>mopoauton k\u00e4yt\u00f6n ajokokeessa<\/li>\n<\/ul>\n<p>Kurssin hinta ei sis\u00e4ll\u00e4 viranomaismaksuja.<\/p>\n","protected":false},"featured_media":1711,"template":"","meta":[],"product_brand":[],"product_cat":[25,17],"product_tag":[],"class_list":{"0":"post-823","1":"product","2":"type-product","3":"status-publish","4":"has-post-thumbnail","6":"product_cat-am-121","7":"product_cat-kurssit","9":"first","10":"instock","11":"taxable","12":"shipping-taxable","13":"purchasable","14":"product-type-simple"},"_links":{"self":[{"href":"https:\/\/tahtikuski.fi\/itakeskus\/index.php?rest_route=\/wp\/v2\/product\/823","targetHints":{"allow":["GET"]}}],"collection":[{"href":"https:\/\/tahtikuski.fi\/itakeskus\/index.php?rest_route=\/wp\/v2\/product"}],"about":[{"href":"https:\/\/tahtikuski.fi\/itakeskus\/index.php?rest_route=\/wp\/v2\/types\/product"}],"wp:featuredmedia":[{"embeddable":true,"href":"https:\/\/tahtikuski.fi\/itakeskus\/index.php?rest_route=\/wp\/v2\/media\/1711"}],"wp:attachment":[{"href":"https:\/\/tahtikuski.fi\/itakeskus\/index.php?rest_route=%2Fwp%2Fv2%2Fmedia&parent=823"}],"wp:term":[{"taxonomy":"product_brand","embeddable":true,"href":"https:\/\/tahtikuski.fi\/itakeskus\/index.php?rest_route=%2Fwp%2Fv2%2Fproduct_brand&post=823"},{"taxonomy":"product_cat","embeddable":true,"href":"https:\/\/tahtikuski.fi\/itakeskus\/index.php?rest_route=%2Fwp%2Fv2%2Fproduct_cat&post=823"},{"taxonomy":"product_tag","embeddable":true,"href":"https:\/\/tahtikuski.fi\/itakeskus\/index.php?rest_route=%2Fwp%2Fv2%2Fproduct_tag&post=823"}],"curies":[{"name":"wp","href":"https:\/\/api.w.org\/{rel}","templated":true}]}}