{"id":841,"date":"2017-12-17T23:52:52","date_gmt":"2017-12-17T21:52:52","guid":{"rendered":"http:\/\/www.tahtikuski.fi\/kauppa\/?post_type=product&#038;p=841"},"modified":"2021-09-15T12:46:43","modified_gmt":"2021-09-15T09:46:43","slug":"t-traktori","status":"publish","type":"product","link":"https:\/\/tahtikuski.fi\/itakeskus\/?product=t-traktori","title":{"rendered":"T Traktori"},"content":{"rendered":"","protected":false},"excerpt":{"rendered":"<p>Kurssiin kuuluu 4h teoriaopetusta (EAS Liikenteen perusteet). Kuljettajatutkinnossa pelkk\u00e4 teoriakoe. Ik\u00e4vaatimus 15 vuotta. Aloitus aikaisintaan 6kk ennen ik\u00e4vaatimuksen t\u00e4yttymist\u00e4, mutta teoriatutkintoon voi osallistua vasta ik\u00e4vaatimuksen t\u00e4yttyess\u00e4.<\/p>\n<p>Meilt\u00e4 voit my\u00f6s ostaa teoriakoeharjoitteluun tarvittavia tunnuksia.<\/p>\n","protected":false},"featured_media":1387,"template":"","meta":[],"product_brand":[],"product_cat":[17,128],"product_tag":[],"class_list":{"0":"post-841","1":"product","2":"type-product","3":"status-publish","4":"has-post-thumbnail","6":"product_cat-kurssit","7":"product_cat-t","9":"first","10":"instock","11":"taxable","12":"shipping-taxable","13":"purchasable","14":"product-type-simple"},"_links":{"self":[{"href":"https:\/\/tahtikuski.fi\/itakeskus\/index.php?rest_route=\/wp\/v2\/product\/841","targetHints":{"allow":["GET"]}}],"collection":[{"href":"https:\/\/tahtikuski.fi\/itakeskus\/index.php?rest_route=\/wp\/v2\/product"}],"about":[{"href":"https:\/\/tahtikuski.fi\/itakeskus\/index.php?rest_route=\/wp\/v2\/types\/product"}],"wp:featuredmedia":[{"embeddable":true,"href":"https:\/\/tahtikuski.fi\/itakeskus\/index.php?rest_route=\/wp\/v2\/media\/1387"}],"wp:attachment":[{"href":"https:\/\/tahtikuski.fi\/itakeskus\/index.php?rest_route=%2Fwp%2Fv2%2Fmedia&parent=841"}],"wp:term":[{"taxonomy":"product_brand","embeddable":true,"href":"https:\/\/tahtikuski.fi\/itakeskus\/index.php?rest_route=%2Fwp%2Fv2%2Fproduct_brand&post=841"},{"taxonomy":"product_cat","embeddable":true,"href":"https:\/\/tahtikuski.fi\/itakeskus\/index.php?rest_route=%2Fwp%2Fv2%2Fproduct_cat&post=841"},{"taxonomy":"product_tag","embeddable":true,"href":"https:\/\/tahtikuski.fi\/itakeskus\/index.php?rest_route=%2Fwp%2Fv2%2Fproduct_tag&post=841"}],"curies":[{"name":"wp","href":"https:\/\/api.w.org\/{rel}","templated":true}]}}