{"id":1832,"date":"2025-11-17T22:28:36","date_gmt":"2025-11-17T20:28:36","guid":{"rendered":"https:\/\/tahtikuski.com\/myyrmaki\/?page_id=1832"},"modified":"2025-11-17T23:27:05","modified_gmt":"2025-11-17T21:27:05","slug":"ostoskori","status":"publish","type":"page","link":"https:\/\/tahtikuski.fi\/myyrmaki\/?page_id=1832","title":{"rendered":"Ostoskori"},"content":{"rendered":"\n<div data-block-name=\"woocommerce\/cart\" class=\"wp-block-woocommerce-cart alignwide is-loading\">\n<div data-block-name=\"woocommerce\/filled-cart-block\" class=\"wp-block-woocommerce-filled-cart-block\">\n<div data-block-name=\"woocommerce\/cart-items-block\" class=\"wp-block-woocommerce-cart-items-block\">\n<div data-block-name=\"woocommerce\/cart-line-items-block\" class=\"wp-block-woocommerce-cart-line-items-block\"><\/div>\n\n\n<\/div>\n\n\n\n\n<div data-block-name=\"woocommerce\/cart-totals-block\" class=\"wp-block-woocommerce-cart-totals-block\">\n<div data-block-name=\"woocommerce\/cart-order-summary-block\" class=\"wp-block-woocommerce-cart-order-summary-block\">\n<div data-block-name=\"woocommerce\/cart-order-summary-heading-block\" class=\"wp-block-woocommerce-cart-order-summary-heading-block\"><\/div><div data-block-name=\"woocommerce\/cart-order-summary-coupon-form-block\" class=\"wp-block-woocommerce-cart-order-summary-coupon-form-block\"><\/div><div data-block-name=\"woocommerce\/cart-order-summary-totals-block\" class=\"wp-block-woocommerce-cart-order-summary-totals-block\">\n<div data-block-name=\"woocommerce\/cart-order-summary-subtotal-block\" class=\"wp-block-woocommerce-cart-order-summary-subtotal-block\"><\/div>\n<div data-block-name=\"woocommerce\/cart-order-summary-discount-block\" class=\"wp-block-woocommerce-cart-order-summary-discount-block\"><\/div>\n<div data-block-name=\"woocommerce\/cart-order-summary-fee-block\" class=\"wp-block-woocommerce-cart-order-summary-fee-block\"><\/div>\n<div data-block-name=\"woocommerce\/cart-order-summary-shipping-block\" class=\"wp-block-woocommerce-cart-order-summary-shipping-block\"><\/div>\n<div data-block-name=\"woocommerce\/cart-order-summary-taxes-block\" class=\"wp-block-woocommerce-cart-order-summary-taxes-block\"><\/div><\/div>\n<\/div>\n\n\n\n<div data-block-name=\"woocommerce\/cart-express-payment-block\" class=\"wp-block-woocommerce-cart-express-payment-block\"><\/div>\n\n\n\n<div data-block-name=\"woocommerce\/proceed-to-checkout-block\" class=\"wp-block-woocommerce-proceed-to-checkout-block\"><\/div>\n\n\n\n<div data-block-name=\"woocommerce\/cart-accepted-payment-methods-block\" class=\"wp-block-woocommerce-cart-accepted-payment-methods-block\"><\/div>\n<\/div>\n<\/div>\n\n\n\n<div data-block-name=\"woocommerce\/empty-cart-block\" class=\"wp-block-woocommerce-empty-cart-block\">\n<h2 class=\"wp-block-heading has-text-align-center with-empty-cart-icon wc-block-cart__empty-cart__title\">Ostoskorisi on tyhj\u00e4!<\/h2>\n\n\n\n<hr class=\"wp-block-separator has-alpha-channel-opacity is-style-dots\"\/>\n\n\n\n<h2 class=\"wp-block-heading has-text-align-center\">Uutta kaupassa<\/h2>\n\n\n<div data-block-name=\"woocommerce\/product-new\" data-columns=\"4\" data-rows=\"1\" class=\"wc-block-grid wp-block-product-new wp-block-woocommerce-product-new wc-block-product-new has-4-columns\"><ul class=\"wc-block-grid__products\"><li class=\"wc-block-grid__product\">\n\t\t\t\t<a href=\"https:\/\/tahtikuski.fi\/myyrmaki\/?product=b-henkiloauto-kurssi-premium-vip\" class=\"wc-block-grid__product-link\">\n\t\t\t\t\t\n\t\t\t\t\t<div class=\"wc-block-grid__product-image\"><img loading=\"lazy\" decoding=\"async\" width=\"300\" height=\"300\" src=\"https:\/\/tahtikuski.fi\/myyrmaki\/wp-content\/uploads\/2017\/12\/audi-1-300x300.jpg\" class=\"attachment-woocommerce_thumbnail size-woocommerce_thumbnail\" alt=\"B Henkil\u00f6auto -kurssi Premium VIP*\" srcset=\"https:\/\/tahtikuski.fi\/myyrmaki\/wp-content\/uploads\/2017\/12\/audi-1-300x300.jpg 300w, https:\/\/tahtikuski.fi\/myyrmaki\/wp-content\/uploads\/2017\/12\/audi-1-100x100.jpg 100w, https:\/\/tahtikuski.fi\/myyrmaki\/wp-content\/uploads\/2017\/12\/audi-1-150x150.jpg 150w, https:\/\/tahtikuski.fi\/myyrmaki\/wp-content\/uploads\/2017\/12\/audi-1.jpg 500w\" sizes=\"auto, (max-width: 300px) 100vw, 300px\" \/><\/div>\n\t\t\t\t\t<div class=\"wc-block-grid__product-title\">B Henkil\u00f6auto -kurssi Premium VIP*<\/div>\n\t\t\t\t<\/a>\n\t\t\t\t<div class=\"wc-block-grid__product-price price\"><span class=\"woocommerce-Price-amount amount\"><span class=\"woocommerce-Price-currencySymbol\">&euro;<\/span>2,372.00<\/span><\/div>\n\t\t\t\t\n\t\t\t\t<div class=\"wp-block-button wc-block-grid__product-add-to-cart\"><a href=\"\/myyrmaki\/index.php?rest_route=%2Fwp%2Fv2%2Fpages%2F1832&#038;add-to-cart=1894\" aria-label=\"Lis\u00e4\u00e4 ostoskoriin: &ldquo;B Henkil\u00f6auto -kurssi Premium VIP*&rdquo;\" data-quantity=\"1\" data-product_id=\"1894\" data-product_sku=\"\" data-price=\"2372\" rel=\"nofollow\" class=\"wp-block-button__link  add_to_cart_button ajax_add_to_cart\">Lis\u00e4\u00e4 ostoskoriin<\/a><\/div>\n\t\t\t<\/li><li class=\"wc-block-grid__product\">\n\t\t\t\t<a href=\"https:\/\/tahtikuski.fi\/myyrmaki\/?product=eas-liikenteen-perusteet-oppimisymparisto-ja-teoriakoeharjoittelu\" class=\"wc-block-grid__product-link\">\n\t\t\t\t\t\n\t\t\t\t\t<div class=\"wc-block-grid__product-image\"><img loading=\"lazy\" decoding=\"async\" width=\"300\" height=\"300\" src=\"https:\/\/tahtikuski.fi\/myyrmaki\/wp-content\/uploads\/2017\/12\/opetuslupa-1-1-300x300.jpg\" class=\"attachment-woocommerce_thumbnail size-woocommerce_thumbnail\" alt=\"EAS Liikenteen perusteet + Oppimisymp\u00e4rist\u00f6 ja teoriakoeharjoittelu\" srcset=\"https:\/\/tahtikuski.fi\/myyrmaki\/wp-content\/uploads\/2017\/12\/opetuslupa-1-1-300x300.jpg 300w, https:\/\/tahtikuski.fi\/myyrmaki\/wp-content\/uploads\/2017\/12\/opetuslupa-1-1-100x100.jpg 100w, https:\/\/tahtikuski.fi\/myyrmaki\/wp-content\/uploads\/2017\/12\/opetuslupa-1-1-150x150.jpg 150w, https:\/\/tahtikuski.fi\/myyrmaki\/wp-content\/uploads\/2017\/12\/opetuslupa-1-1.jpg 500w\" sizes=\"auto, (max-width: 300px) 100vw, 300px\" \/><\/div>\n\t\t\t\t\t<div class=\"wc-block-grid__product-title\">EAS Liikenteen perusteet + Oppimisymp\u00e4rist\u00f6 ja teoriakoeharjoittelu<\/div>\n\t\t\t\t<\/a>\n\t\t\t\t<div class=\"wc-block-grid__product-price price\"><span class=\"woocommerce-Price-amount amount\"><span class=\"woocommerce-Price-currencySymbol\">&euro;<\/span>135.00<\/span><\/div>\n\t\t\t\t\n\t\t\t\t<div class=\"wp-block-button wc-block-grid__product-add-to-cart\"><a href=\"\/myyrmaki\/index.php?rest_route=%2Fwp%2Fv2%2Fpages%2F1832&#038;add-to-cart=1893\" aria-label=\"Lis\u00e4\u00e4 ostoskoriin: &ldquo;EAS Liikenteen perusteet + Oppimisymp\u00e4rist\u00f6 ja teoriakoeharjoittelu&rdquo;\" data-quantity=\"1\" data-product_id=\"1893\" data-product_sku=\"\" data-price=\"135\" rel=\"nofollow\" class=\"wp-block-button__link  add_to_cart_button ajax_add_to_cart\">Lis\u00e4\u00e4 ostoskoriin<\/a><\/div>\n\t\t\t<\/li><li class=\"wc-block-grid__product\">\n\t\t\t\t<a href=\"https:\/\/tahtikuski.fi\/myyrmaki\/?product=henkiloauto-lisa-ajotunti-kurssin-yhteydessa\" class=\"wc-block-grid__product-link\">\n\t\t\t\t\t\n\t\t\t\t\t<div class=\"wc-block-grid__product-image\"><img loading=\"lazy\" decoding=\"async\" width=\"300\" height=\"300\" src=\"https:\/\/tahtikuski.fi\/myyrmaki\/wp-content\/uploads\/2017\/12\/audi-1-300x300.jpg\" class=\"attachment-woocommerce_thumbnail size-woocommerce_thumbnail\" alt=\"Henkil\u00f6auto lis\u00e4-ajotunti kurssin yhteydess\u00e4\" srcset=\"https:\/\/tahtikuski.fi\/myyrmaki\/wp-content\/uploads\/2017\/12\/audi-1-300x300.jpg 300w, https:\/\/tahtikuski.fi\/myyrmaki\/wp-content\/uploads\/2017\/12\/audi-1-100x100.jpg 100w, https:\/\/tahtikuski.fi\/myyrmaki\/wp-content\/uploads\/2017\/12\/audi-1-150x150.jpg 150w, https:\/\/tahtikuski.fi\/myyrmaki\/wp-content\/uploads\/2017\/12\/audi-1.jpg 500w\" sizes=\"auto, (max-width: 300px) 100vw, 300px\" \/><\/div>\n\t\t\t\t\t<div class=\"wc-block-grid__product-title\">Henkil\u00f6auto lis\u00e4-ajotunti kurssin yhteydess\u00e4<\/div>\n\t\t\t\t<\/a>\n\t\t\t\t<div class=\"wc-block-grid__product-price price\"><span class=\"woocommerce-Price-amount amount\"><span class=\"woocommerce-Price-currencySymbol\">&euro;<\/span>96.00<\/span><\/div>\n\t\t\t\t\n\t\t\t\t<div class=\"wp-block-button wc-block-grid__product-add-to-cart\"><a href=\"\/myyrmaki\/index.php?rest_route=%2Fwp%2Fv2%2Fpages%2F1832&#038;add-to-cart=1763\" aria-label=\"Lis\u00e4\u00e4 ostoskoriin: &ldquo;Henkil\u00f6auto lis\u00e4-ajotunti kurssin yhteydess\u00e4&rdquo;\" data-quantity=\"1\" data-product_id=\"1763\" data-product_sku=\"\" data-price=\"96\" rel=\"nofollow\" class=\"wp-block-button__link  add_to_cart_button ajax_add_to_cart\">Lis\u00e4\u00e4 ostoskoriin<\/a><\/div>\n\t\t\t<\/li><li class=\"wc-block-grid__product\">\n\t\t\t\t<a href=\"https:\/\/tahtikuski.fi\/myyrmaki\/?product=eas-liikenteen-perusteet-ajokorttikurssin-yhteydessa\" class=\"wc-block-grid__product-link\">\n\t\t\t\t\t<div class=\"wc-block-grid__product-onsale\">\n\t\t\t<span aria-hidden=\"true\">Alennus<\/span>\n\t\t\t<span class=\"screen-reader-text\">Tuote alennuksessa<\/span>\n\t\t<\/div>\n\t\t\t\t\t<div class=\"wc-block-grid__product-image\"><img loading=\"lazy\" decoding=\"async\" width=\"300\" height=\"300\" src=\"https:\/\/tahtikuski.fi\/myyrmaki\/wp-content\/uploads\/2017\/12\/opetuslupa-1-1-300x300.jpg\" class=\"attachment-woocommerce_thumbnail size-woocommerce_thumbnail\" alt=\"EAS Liikenteen perusteet AJOKORTTIKURSSIN YHTEYDESS\u00c4\" srcset=\"https:\/\/tahtikuski.fi\/myyrmaki\/wp-content\/uploads\/2017\/12\/opetuslupa-1-1-300x300.jpg 300w, https:\/\/tahtikuski.fi\/myyrmaki\/wp-content\/uploads\/2017\/12\/opetuslupa-1-1-100x100.jpg 100w, https:\/\/tahtikuski.fi\/myyrmaki\/wp-content\/uploads\/2017\/12\/opetuslupa-1-1-150x150.jpg 150w, https:\/\/tahtikuski.fi\/myyrmaki\/wp-content\/uploads\/2017\/12\/opetuslupa-1-1.jpg 500w\" sizes=\"auto, (max-width: 300px) 100vw, 300px\" \/><\/div>\n\t\t\t\t\t<div class=\"wc-block-grid__product-title\">EAS Liikenteen perusteet AJOKORTTIKURSSIN YHTEYDESS\u00c4<\/div>\n\t\t\t\t<\/a>\n\t\t\t\t<div class=\"wc-block-grid__product-price price\"><del aria-hidden=\"true\"><span class=\"woocommerce-Price-amount amount\"><span class=\"woocommerce-Price-currencySymbol\">&euro;<\/span>75.00<\/span><\/del> <span class=\"screen-reader-text\">Alkuper\u00e4inen hinta oli: &euro;75.00.<\/span><ins aria-hidden=\"true\"><span class=\"woocommerce-Price-amount amount\"><span class=\"woocommerce-Price-currencySymbol\">&euro;<\/span>50.00<\/span><\/ins><span class=\"screen-reader-text\">Nykyinen hinta on: &euro;50.00.<\/span><\/div>\n\t\t\t\t\n\t\t\t\t<div class=\"wp-block-button wc-block-grid__product-add-to-cart\"><a href=\"\/myyrmaki\/index.php?rest_route=%2Fwp%2Fv2%2Fpages%2F1832&#038;add-to-cart=1762\" aria-label=\"Lis\u00e4\u00e4 ostoskoriin: &ldquo;EAS Liikenteen perusteet AJOKORTTIKURSSIN YHTEYDESS\u00c4&rdquo;\" data-quantity=\"1\" data-product_id=\"1762\" data-product_sku=\"\" data-price=\"50\" rel=\"nofollow\" class=\"wp-block-button__link  add_to_cart_button ajax_add_to_cart\">Lis\u00e4\u00e4 ostoskoriin<\/a><\/div>\n\t\t\t<\/li><\/ul><\/div><\/div>\n<\/div>\n","protected":false},"excerpt":{"rendered":"","protected":false},"author":1,"featured_media":0,"parent":0,"menu_order":0,"comment_status":"closed","ping_status":"closed","template":"","meta":{"footnotes":""},"class_list":["post-1832","page","type-page","status-publish","hentry"],"_links":{"self":[{"href":"https:\/\/tahtikuski.fi\/myyrmaki\/index.php?rest_route=\/wp\/v2\/pages\/1832","targetHints":{"allow":["GET"]}}],"collection":[{"href":"https:\/\/tahtikuski.fi\/myyrmaki\/index.php?rest_route=\/wp\/v2\/pages"}],"about":[{"href":"https:\/\/tahtikuski.fi\/myyrmaki\/index.php?rest_route=\/wp\/v2\/types\/page"}],"author":[{"embeddable":true,"href":"https:\/\/tahtikuski.fi\/myyrmaki\/index.php?rest_route=\/wp\/v2\/users\/1"}],"replies":[{"embeddable":true,"href":"https:\/\/tahtikuski.fi\/myyrmaki\/index.php?rest_route=%2Fwp%2Fv2%2Fcomments&post=1832"}],"version-history":[{"count":1,"href":"https:\/\/tahtikuski.fi\/myyrmaki\/index.php?rest_route=\/wp\/v2\/pages\/1832\/revisions"}],"predecessor-version":[{"id":1935,"href":"https:\/\/tahtikuski.fi\/myyrmaki\/index.php?rest_route=\/wp\/v2\/pages\/1832\/revisions\/1935"}],"wp:attachment":[{"href":"https:\/\/tahtikuski.fi\/myyrmaki\/index.php?rest_route=%2Fwp%2Fv2%2Fmedia&parent=1832"}],"curies":[{"name":"wp","href":"https:\/\/api.w.org\/{rel}","templated":true}]}}