{"id":1365,"date":"2018-04-07T11:00:24","date_gmt":"2018-04-07T08:00:24","guid":{"rendered":"http:\/\/www.tahtikuski.fi\/kauppa\/?post_type=product&#038;p=1365"},"modified":"2026-04-02T13:42:26","modified_gmt":"2026-04-02T10:42:26","slug":"am120-mopo-am121-aijemmin","status":"publish","type":"product","link":"https:\/\/tahtikuski.fi\/myyrmaki\/?product=am120-mopo-am121-aijemmin","title":{"rendered":"AM120 Mopo Classic"},"content":{"rendered":"","protected":false},"excerpt":{"rendered":"<p>Classic paketissa ajo-opetusta on hieman enemm\u00e4n ja n\u00e4in mahdollistaa my\u00f6s perustilanteiden l\u00e4pik\u00e4ymisen liikenteess\u00e4, mik\u00e4li k\u00e4sittelyteht\u00e4v\u00e4t sujuvat. Ik\u00e4vaatimus 15 vuotta. Aloitus aikaisintaan 6kk ennen vaadittua ik\u00e4\u00e4. Teoriatutkintoon voi osallistua kuukautta ennen, mutta ajo-opetus voi alkaa vasta ik\u00e4vaatimuksen t\u00e4yttyess\u00e4.<\/p>\n<p>Kurssi sis\u00e4lt\u00e4\u00e4:<\/p>\n<ul>\n<li>oppimisymp\u00e4rist\u00f6n k\u00e4ytt\u00f6<\/li>\n<li>EAS verkkotunnit 4h<\/li>\n<li>2h k\u00e4sittely- ja ajo-opetusta (\u00e150min)<\/li>\n<li>mopon k\u00e4yt\u00f6n k\u00e4sittelykokeessa<\/li>\n<\/ul>\n<p>Kurssi ei sis\u00e4ll\u00e4 viranomaismaksuja.<\/p>\n<p>&nbsp;<\/p>\n<p>&nbsp;<\/p>\n","protected":false},"featured_media":1331,"comment_status":"closed","ping_status":"closed","template":"","meta":[],"product_brand":[],"product_cat":[61,87],"product_tag":[],"class_list":{"0":"post-1365","1":"product","2":"type-product","3":"status-publish","4":"has-post-thumbnail","6":"product_cat-am-120","7":"product_cat-kurssit","9":"first","10":"instock","11":"sale","12":"shipping-taxable","13":"purchasable","14":"product-type-simple"},"_links":{"self":[{"href":"https:\/\/tahtikuski.fi\/myyrmaki\/index.php?rest_route=\/wp\/v2\/product\/1365","targetHints":{"allow":["GET"]}}],"collection":[{"href":"https:\/\/tahtikuski.fi\/myyrmaki\/index.php?rest_route=\/wp\/v2\/product"}],"about":[{"href":"https:\/\/tahtikuski.fi\/myyrmaki\/index.php?rest_route=\/wp\/v2\/types\/product"}],"replies":[{"embeddable":true,"href":"https:\/\/tahtikuski.fi\/myyrmaki\/index.php?rest_route=%2Fwp%2Fv2%2Fcomments&post=1365"}],"wp:featuredmedia":[{"embeddable":true,"href":"https:\/\/tahtikuski.fi\/myyrmaki\/index.php?rest_route=\/wp\/v2\/media\/1331"}],"wp:attachment":[{"href":"https:\/\/tahtikuski.fi\/myyrmaki\/index.php?rest_route=%2Fwp%2Fv2%2Fmedia&parent=1365"}],"wp:term":[{"taxonomy":"product_brand","embeddable":true,"href":"https:\/\/tahtikuski.fi\/myyrmaki\/index.php?rest_route=%2Fwp%2Fv2%2Fproduct_brand&post=1365"},{"taxonomy":"product_cat","embeddable":true,"href":"https:\/\/tahtikuski.fi\/myyrmaki\/index.php?rest_route=%2Fwp%2Fv2%2Fproduct_cat&post=1365"},{"taxonomy":"product_tag","embeddable":true,"href":"https:\/\/tahtikuski.fi\/myyrmaki\/index.php?rest_route=%2Fwp%2Fv2%2Fproduct_tag&post=1365"}],"curies":[{"name":"wp","href":"https:\/\/api.w.org\/{rel}","templated":true}]}}