{"id":1893,"date":"2023-04-24T08:48:39","date_gmt":"2023-04-24T05:48:39","guid":{"rendered":"https:\/\/www.tahtikuski.com\/myyrmaki\/?post_type=product&amp;p=1776"},"modified":"2023-04-24T08:48:39","modified_gmt":"2023-04-24T05:48:39","slug":"eas-liikenteen-perusteet-oppimisymparisto-ja-teoriakoeharjoittelu","status":"publish","type":"product","link":"https:\/\/tahtikuski.fi\/myyrmaki\/?product=eas-liikenteen-perusteet-oppimisymparisto-ja-teoriakoeharjoittelu","title":{"rendered":"EAS Liikenteen perusteet + Oppimisymp\u00e4rist\u00f6 ja teoriakoeharjoittelu"},"content":{"rendered":"<p>TEORIAOPETUS<\/p>\n","protected":false},"excerpt":{"rendered":"<p><strong>Ensimm\u00e4ist\u00e4 ajokorttia suorittavan koulutus<\/strong> (EAS), 4 verkkotuntia, on pakollinen kaikille, jotka ajavat ensimm\u00e4ist\u00e4 ajokorttia.<\/p>\n<ul>\n<li>Opetus sis\u00e4lt\u00e4\u00e4 4 tuntia (4x45min) verkkoteoriakoulutusta liikenteen perusteita<\/li>\n<li>Koulutuksen tavoitteena on antaa ajokorttia suorittavalle perustiedot liikennej\u00e4rjestelm\u00e4st\u00e4, liikennes\u00e4\u00e4nn\u00f6ist\u00e4, liikenteen vuorovaikutteisuudesta ja riskeist\u00e4, eri tienk\u00e4ytt\u00e4j\u00e4ryhmien turvallisuuteen liittyvist\u00e4 tekij\u00f6ist\u00e4, moottorik\u00e4ytt\u00f6isen ajoneuvon kuljettamiseen liittyvist\u00e4 vastuista ja velvollisuuksista sek\u00e4 muista turvallisen ja ymp\u00e4rist\u00f6n huomioon ottavan ajotavan vaatimuksista<\/li>\n<\/ul>\n<p>Tunnit suoritetaan verkkotunteina kotoa k\u00e4sin. Verkkotunteja varten tarvitset vain internet-yhteydell\u00e4 varustetun tietokoneen tai mobiililaitteen. Laitteen tulee tukea ohjelman videoformaattia (kysy lis\u00e4\u00e4 toimistolta).<\/p>\n<p><strong>T\u00e4ydellinen Webauton oppimisymp\u00e4rist\u00f6<\/strong> ajokortin suorittamiseen sis\u00e4lt\u00e4\u00e4: s\u00e4hk\u00f6isen oppikirjan, opetusvideoita, itseopiskeluteht\u00e4vi\u00e4, tasotestit sek\u00e4 vapaan teoriakoeharjoittelun Netreeni- ohjelmalla.<\/p>\n","protected":false},"featured_media":1393,"comment_status":"closed","ping_status":"closed","template":"","meta":[],"product_brand":[],"product_cat":[96,97,118],"product_tag":[],"class_list":{"0":"post-1893","1":"product","2":"type-product","3":"status-publish","4":"has-post-thumbnail","6":"product_cat-opetuslupa","7":"product_cat-oppimateriaalit","8":"product_cat-teoria-opetus","10":"first","11":"instock","12":"shipping-taxable","13":"purchasable","14":"product-type-simple"},"_links":{"self":[{"href":"https:\/\/tahtikuski.fi\/myyrmaki\/index.php?rest_route=\/wp\/v2\/product\/1893","targetHints":{"allow":["GET"]}}],"collection":[{"href":"https:\/\/tahtikuski.fi\/myyrmaki\/index.php?rest_route=\/wp\/v2\/product"}],"about":[{"href":"https:\/\/tahtikuski.fi\/myyrmaki\/index.php?rest_route=\/wp\/v2\/types\/product"}],"replies":[{"embeddable":true,"href":"https:\/\/tahtikuski.fi\/myyrmaki\/index.php?rest_route=%2Fwp%2Fv2%2Fcomments&post=1893"}],"wp:featuredmedia":[{"embeddable":true,"href":"https:\/\/tahtikuski.fi\/myyrmaki\/index.php?rest_route=\/wp\/v2\/media\/1393"}],"wp:attachment":[{"href":"https:\/\/tahtikuski.fi\/myyrmaki\/index.php?rest_route=%2Fwp%2Fv2%2Fmedia&parent=1893"}],"wp:term":[{"taxonomy":"product_brand","embeddable":true,"href":"https:\/\/tahtikuski.fi\/myyrmaki\/index.php?rest_route=%2Fwp%2Fv2%2Fproduct_brand&post=1893"},{"taxonomy":"product_cat","embeddable":true,"href":"https:\/\/tahtikuski.fi\/myyrmaki\/index.php?rest_route=%2Fwp%2Fv2%2Fproduct_cat&post=1893"},{"taxonomy":"product_tag","embeddable":true,"href":"https:\/\/tahtikuski.fi\/myyrmaki\/index.php?rest_route=%2Fwp%2Fv2%2Fproduct_tag&post=1893"}],"curies":[{"name":"wp","href":"https:\/\/api.w.org\/{rel}","templated":true}]}}