{"id":603,"date":"2017-10-28T01:22:15","date_gmt":"2017-10-27T22:22:15","guid":{"rendered":"http:\/\/www.tahtikuski.fi\/kauppa\/?post_type=product&amp;p=603"},"modified":"2017-10-28T01:22:15","modified_gmt":"2017-10-27T22:22:15","slug":"pysakointi-filmi","status":"publish","type":"product","link":"https:\/\/tahtikuski.fi\/myyrmaki\/?product=pysakointi-filmi","title":{"rendered":"Pys\u00e4k\u00f6inti -filmi"},"content":{"rendered":"<p>Pys\u00e4k\u00f6inti -filmi<\/p>\n","protected":false},"excerpt":{"rendered":"<p>T\u00e4m\u00e4 filmi kertoo pys\u00e4k\u00f6innist\u00e4 mm.ruutuun ja taskuun sek\u00e4 niist\u00e4 vaaroista mit\u00e4 pys\u00e4k\u00f6inniss\u00e4 on. Filmi toimitetaan DVD-formaatissa. Kesto 12min, tuottaja Someron PT-Marketing<\/p>\n<p>&nbsp;<\/p>\n","protected":false},"featured_media":1271,"comment_status":"closed","ping_status":"closed","template":"","meta":[],"product_brand":[],"product_cat":[89,90],"product_tag":[],"class_list":{"0":"post-603","1":"product","2":"type-product","3":"status-publish","4":"has-post-thumbnail","6":"product_cat-malli1","7":"product_cat-malli2","9":"first","10":"instock","11":"shipping-taxable","12":"purchasable","13":"product-type-simple"},"_links":{"self":[{"href":"https:\/\/tahtikuski.fi\/myyrmaki\/index.php?rest_route=\/wp\/v2\/product\/603","targetHints":{"allow":["GET"]}}],"collection":[{"href":"https:\/\/tahtikuski.fi\/myyrmaki\/index.php?rest_route=\/wp\/v2\/product"}],"about":[{"href":"https:\/\/tahtikuski.fi\/myyrmaki\/index.php?rest_route=\/wp\/v2\/types\/product"}],"replies":[{"embeddable":true,"href":"https:\/\/tahtikuski.fi\/myyrmaki\/index.php?rest_route=%2Fwp%2Fv2%2Fcomments&post=603"}],"wp:featuredmedia":[{"embeddable":true,"href":"https:\/\/tahtikuski.fi\/myyrmaki\/index.php?rest_route=\/wp\/v2\/media\/1271"}],"wp:attachment":[{"href":"https:\/\/tahtikuski.fi\/myyrmaki\/index.php?rest_route=%2Fwp%2Fv2%2Fmedia&parent=603"}],"wp:term":[{"taxonomy":"product_brand","embeddable":true,"href":"https:\/\/tahtikuski.fi\/myyrmaki\/index.php?rest_route=%2Fwp%2Fv2%2Fproduct_brand&post=603"},{"taxonomy":"product_cat","embeddable":true,"href":"https:\/\/tahtikuski.fi\/myyrmaki\/index.php?rest_route=%2Fwp%2Fv2%2Fproduct_cat&post=603"},{"taxonomy":"product_tag","embeddable":true,"href":"https:\/\/tahtikuski.fi\/myyrmaki\/index.php?rest_route=%2Fwp%2Fv2%2Fproduct_tag&post=603"}],"curies":[{"name":"wp","href":"https:\/\/api.w.org\/{rel}","templated":true}]}}