{"id":841,"date":"2017-12-17T23:52:52","date_gmt":"2017-12-17T21:52:52","guid":{"rendered":"http:\/\/www.tahtikuski.fi\/kauppa\/?post_type=product&amp;p=841"},"modified":"2017-12-17T23:52:52","modified_gmt":"2017-12-17T21:52:52","slug":"t-traktori","status":"publish","type":"product","link":"https:\/\/tahtikuski.fi\/myyrmaki\/?product=t-traktori","title":{"rendered":"T Traktori"},"content":{"rendered":"","protected":false},"excerpt":{"rendered":"<p>Kurssiin kuuluu 4h teoriaopetusta (EAS Liikenteen perusteet) ja oppimisymp\u00e4rist\u00f6n k\u00e4ytt\u00f6. Kuljettajatutkinnossa pelkk\u00e4 teoriakoe. Ik\u00e4vaatimus 15 vuotta. Aloitus aikaisintaan 6kk ennen ik\u00e4vaatimuksen t\u00e4yttymist\u00e4, mutta teoriatutkintoon voi osallistua vasta ik\u00e4vaatimuksen t\u00e4yttyess\u00e4.<\/p>\n","protected":false},"featured_media":1387,"comment_status":"closed","ping_status":"closed","template":"","meta":[],"product_brand":[],"product_cat":[87],"product_tag":[],"class_list":{"0":"post-841","1":"product","2":"type-product","3":"status-publish","4":"has-post-thumbnail","6":"product_cat-kurssit","8":"first","9":"instock","10":"shipping-taxable","11":"purchasable","12":"product-type-simple"},"_links":{"self":[{"href":"https:\/\/tahtikuski.fi\/myyrmaki\/index.php?rest_route=\/wp\/v2\/product\/841","targetHints":{"allow":["GET"]}}],"collection":[{"href":"https:\/\/tahtikuski.fi\/myyrmaki\/index.php?rest_route=\/wp\/v2\/product"}],"about":[{"href":"https:\/\/tahtikuski.fi\/myyrmaki\/index.php?rest_route=\/wp\/v2\/types\/product"}],"replies":[{"embeddable":true,"href":"https:\/\/tahtikuski.fi\/myyrmaki\/index.php?rest_route=%2Fwp%2Fv2%2Fcomments&post=841"}],"wp:featuredmedia":[{"embeddable":true,"href":"https:\/\/tahtikuski.fi\/myyrmaki\/index.php?rest_route=\/wp\/v2\/media\/1387"}],"wp:attachment":[{"href":"https:\/\/tahtikuski.fi\/myyrmaki\/index.php?rest_route=%2Fwp%2Fv2%2Fmedia&parent=841"}],"wp:term":[{"taxonomy":"product_brand","embeddable":true,"href":"https:\/\/tahtikuski.fi\/myyrmaki\/index.php?rest_route=%2Fwp%2Fv2%2Fproduct_brand&post=841"},{"taxonomy":"product_cat","embeddable":true,"href":"https:\/\/tahtikuski.fi\/myyrmaki\/index.php?rest_route=%2Fwp%2Fv2%2Fproduct_cat&post=841"},{"taxonomy":"product_tag","embeddable":true,"href":"https:\/\/tahtikuski.fi\/myyrmaki\/index.php?rest_route=%2Fwp%2Fv2%2Fproduct_tag&post=841"}],"curies":[{"name":"wp","href":"https:\/\/api.w.org\/{rel}","templated":true}]}}