{"id":950,"date":"2017-12-18T00:48:35","date_gmt":"2017-12-17T22:48:35","guid":{"rendered":"http:\/\/www.tahtikuski.fi\/kauppa\/?post_type=product&#038;p=950"},"modified":"2026-04-02T13:13:20","modified_gmt":"2026-04-02T10:13:20","slug":"poliisin-maaraama-ajokoe","status":"publish","type":"product","link":"https:\/\/tahtikuski.fi\/myyrmaki\/?product=poliisin-maaraama-ajokoe","title":{"rendered":"Poliisin \/ L\u00e4\u00e4k\u00e4rin m\u00e4\u00e4r\u00e4\u00e4m\u00e4 ajokoe"},"content":{"rendered":"<p>IK\u00c4KULJETTAJAT<\/p>\n","protected":false},"excerpt":{"rendered":"<p>Poliisi voi m\u00e4\u00e4r\u00e4t\u00e4 henkil\u00f6n kuljettajatutkinnon ajokokeeseen, mik\u00e4li ep\u00e4ilee kuljettajan kyky\u00e4 kuljettaa ajoneuvoa turvallisesti. Usein ep\u00e4ilys liittyy kuljettajan ajoterveyteen tai yleiseen ajok\u00e4ytt\u00e4ytymiseen.<\/p>\n<p>T\u00e4htikuski Autokoulusta voit ostaa palvelupaketin poliisin m\u00e4\u00e4r\u00e4\u00e4m\u00e4\u00e4 ajokoetta varten. Paketti sis\u00e4lt\u00e4\u00e4 arvioivan ajotunnin (1h), palautteen ja selvityksen ajokokeen vaatimuksista, 0,5h ajoa ennen ajokoetta sek\u00e4 auton k\u00e4ytt\u00f6 tutkinnossa. Ajotutkinto ajetaan kouluautolla.<\/p>\n<p>HUOM! Ei sis\u00e4ll\u00e4 Ajovarman ajokoemaksua.<\/p>\n","protected":false},"featured_media":1488,"comment_status":"closed","ping_status":"closed","template":"","meta":[],"product_brand":[],"product_cat":[60],"product_tag":[],"class_list":{"0":"post-950","1":"product","2":"type-product","3":"status-publish","4":"has-post-thumbnail","6":"product_cat-ajoterveys","8":"first","9":"instock","10":"shipping-taxable","11":"purchasable","12":"product-type-simple"},"_links":{"self":[{"href":"https:\/\/tahtikuski.fi\/myyrmaki\/index.php?rest_route=\/wp\/v2\/product\/950","targetHints":{"allow":["GET"]}}],"collection":[{"href":"https:\/\/tahtikuski.fi\/myyrmaki\/index.php?rest_route=\/wp\/v2\/product"}],"about":[{"href":"https:\/\/tahtikuski.fi\/myyrmaki\/index.php?rest_route=\/wp\/v2\/types\/product"}],"replies":[{"embeddable":true,"href":"https:\/\/tahtikuski.fi\/myyrmaki\/index.php?rest_route=%2Fwp%2Fv2%2Fcomments&post=950"}],"wp:featuredmedia":[{"embeddable":true,"href":"https:\/\/tahtikuski.fi\/myyrmaki\/index.php?rest_route=\/wp\/v2\/media\/1488"}],"wp:attachment":[{"href":"https:\/\/tahtikuski.fi\/myyrmaki\/index.php?rest_route=%2Fwp%2Fv2%2Fmedia&parent=950"}],"wp:term":[{"taxonomy":"product_brand","embeddable":true,"href":"https:\/\/tahtikuski.fi\/myyrmaki\/index.php?rest_route=%2Fwp%2Fv2%2Fproduct_brand&post=950"},{"taxonomy":"product_cat","embeddable":true,"href":"https:\/\/tahtikuski.fi\/myyrmaki\/index.php?rest_route=%2Fwp%2Fv2%2Fproduct_cat&post=950"},{"taxonomy":"product_tag","embeddable":true,"href":"https:\/\/tahtikuski.fi\/myyrmaki\/index.php?rest_route=%2Fwp%2Fv2%2Fproduct_tag&post=950"}],"curies":[{"name":"wp","href":"https:\/\/api.w.org\/{rel}","templated":true}]}}